3*(-3 - 0). Let d be k(c). Suppose -d*j - q = -3*q - 8, -2*q = 5*j - 48. What are the prime factors of j?
2
Suppose -27 = -w + 13. Suppose l + d - w = -2*l, 2*l - 4*d - 22 = 0. List the prime factors of l.
13
Suppose 418 = 5*i - 3*j - 1606, -i - 5*j + 416 = 0. List the prime factors of i.
2, 7, 29
Suppose -2*h - 34 = -0*h. Let b = 27 + h. What are the prime factors of b?
2, 5
Let p = -9 - 1. Let g be (9/15)/((-2)/p). Suppose -3*w = -5*z - 7 + 1, -g*z + 30 = 3*w. What are the prime factors of w?
7
Suppose -5*i = 2*u - 203, -2*u = -4*i - 0*u + 166. List the prime factors of i.
41
Let u(k) = 4*k + 6. List the prime factors of u(10).
2, 23
Suppose -2*v + 21 = -u, 2*v + 3*v = -4*u + 72. Let n(p) = -p**3 + 11*p**2 + 13*p - 10. List the prime factors of n(v).
2
Let t be -1 - -3 - (0 - 27). Let g = t - 11. What are the prime factors of g?
2, 3
Suppose 3*z - 90 = -3*n, -3*z = n + 2*z - 42. Suppose -2*i = -4*r + n + 3, -r + 3*i + 5 = 0. What are the prime factors of r?
2
Suppose 8*o = -2*o + 970. List the prime factors of o.
97
Suppose 0 = -t - 4*m + m + 64, -3*m + 380 = 5*t. What are the prime factors of t?
79
Suppose 3*j - 77 = 46. What are the prime factors of j?
41
Let l be 1/(((-5)/6)/5). Let a = 9 + l. Suppose 2*u - 47 = -a*x, -3*x - 4*u - 6 = -43. What are the prime factors of x?
19
Let t = 509 + -299. What are the prime factors of t?
2, 3, 5, 7
Let v(c) be the third derivative of -c**4/8 - c**3/6 + 2*c**2. Suppose o = -5*d - 4*o + 5, -4*d = 2*o + 2. What are the prime factors of v(d)?
5
Suppose -3*g = -g - 24. List the prime factors of g.
2, 3
Suppose 3*x = -8 + 20. List the prime factors of (42/x)/(4/8).
3, 7
Let k = 11 - -10. List the prime factors of k.
3, 7
Let r = 6 - -76. List the prime factors of r.
2, 41
Suppose -4*y + 1 - 29 = 0. Let a(m) be the third derivative of m**5/60 + m**4/4 + 2*m**3/3 + 3*m**2. List the prime factors of a(y).
11
Let g(w) = 4*w - 3. Let h(f) = -7*f + 6. Let c(d) = 9*g(d) + 4*h(d). List the prime factors of c(2).
13
Suppose 6*o = o + 20. Let a = o + -2. Suppose -a = 5*j - 47. What are the prime factors of j?
3
Let a be (164/12)/(1/3). Suppose 3*z = -2 + a. List the prime factors of z.
13
Let k be (0 - 0 - -209)/1. What are the prime factors of (-2)/9 + k/9?
23
Let v(s) = 8*s - 4. Let i be v(7). Suppose 0 = -x + 5*x - i. List the prime factors of x.
13
Let f(j) = 4*j**2 - 6. What are the prime factors of f(-4)?
2, 29
Let f = 5 + -3. Suppose -2*o = -o - f. Suppose -2 = -z + o. What are the prime factors of z?
2
Let a(n) = -n**3 - 17*n**2 - 2*n - 10. List the prime factors of a(-17).
2, 3
Suppose 3*s = 4*i + 56, -i + 6*i = 5. List the prime factors of s.
2, 5
Let t(w) = 5*w**3 + 3*w**2 - 7*w + 1. Let y(g) = 11*g**3 + 7*g**2 - 15*g + 3. Let s(p) = -9*t(p) + 4*y(p). What are the prime factors of s(-3)?
2, 3, 5
Suppose 5*p = -2 + 12. List the prime factors of (-294)/(-77) - p/(-11).
2
List the prime factors of 9/(-2 + (-318)/(-156)).
2, 3, 13
Let z(l) = 27*l**3 - l. Let u be z(-1). Let g be (2 + 3/(-1))*u. What are the prime factors of g/3 + 2/(-3)?
2
Suppose 5*q = -j - 4, -3*j + 0*j = -q - 4. List the prime factors of (0 + -1)/(q/22).
2, 11
List the prime factors of 1/(1 + (-952)/956).
239
Suppose -z = 33 + 1. Let c = 49 + z. List the prime factors of c.
3, 5
Suppose -2*y + i + 4*i = 15, 0 = -3*y + 2*i - 50. Let c be (2/5)/((-2)/y). Suppose 2*t - 2 = c*q - 0, -30 = -5*t + 5*q. What are the prime factors of t?
11
Suppose 0 = 4*r - q - 227 - 496, r + 5*q - 165 = 0. List the prime factors of r.
2, 3, 5
Suppose -x - 3*x - 16 = 0. List the prime factors of 1/2 - 82/x.
3, 7
Let d = -2 + 4. Let q be 3 - 1 - (-4 + d). Let t = q + -1. What are the prime factors of t?
3
Let d(w) = -31*w - 7. List the prime factors of d(-4).
3, 13
Suppose 4*u - 2*u - 144 = 3*j, -5*j - 292 = -4*u. List the prime factors of u.
2, 3, 13
Let l be -2 + 75 + (4 - 3). Suppose -l = -5*z + 106. What are the prime factors of z?
2, 3
Suppose 5*d - 12 - 28 = 0. Suppose 3*u - 4*b - d = 4*u, 5*b = 4*u - 73. List the prime factors of u.
2, 3
Suppose 8 = 3*l + 5. Suppose -5*h + l = -29. List the prime factors of h.
2, 3
Suppose 13 + 14 = 3*c. Let k = c + -3. What are the prime factors of k?
2, 3
Let y = 184 - 103. Suppose 0 = -3*k + y - 12. What are the prime factors of k?
23
Suppose 0 = 3*d - 2*k + 44, -4*d - k = -3*k + 56. What are the prime factors of 3/d + 130/8?
2
Let c(k) = -13*k - 8. List the prime factors of c(-6).
2, 5, 7
Let r(m) be the first derivative of 2*m**3/3 - m**2 + 3*m - 1. Let i be r(3). Let n = i - 7. List the prime factors of n.
2
Let z(n) = -2*n**2 + 4*n - 6. Let d(t) = -2*t**2 + 5*t - 7. Let o(g) = 6*d(g) - 7*z(g). What are the prime factors of o(-4)?
2, 3
Suppose -3*l = -y - 69, -l + 4*y = -34 - 0. What are the prime factors of l?
2, 11
Let p(j) = -13*j + 4. Let g be (-125)/45 + 2/(-9). What are the prime factors of p(g)?
43
Let c(k) = k**3 - 21*k**2 + 5*k - 54. List the prime factors of c(21).
3, 17
Suppose 4*k - 31 = 5*x + 19, -4*x = 4*k + 4. List the prime factors of 4*(0 - 3/x).
2
Suppose 22*p + 1071 = 29*p. List the prime factors of p.
3, 17
Let d(m) = -m**3 - 13*m**2 - 26*m + 12. List the prime factors of d(-12).
2, 3, 5
Let p(t) = 4*t**2 + 2*t - 2. Let j be p(-2). Let s(a) = a - 2. List the prime factors of s(j).
2
Let m(t) = -t. Let z(r) = 5*r - 1. Let q(d) = -6*m(d) - z(d). Let h be q(-5). Let p = h - -12. List the prime factors of p.
2
Suppose -4*t + d = -23, 0 = -2*t - 2*t - 4*d + 28. Suppose -2*h + 18 - t = 0. What are the prime factors of h?
2, 3
Suppose 9 + 11 = 4*p. Suppose 8 = -2*j + 2, -m + p*j + 20 = 0. Suppose -3*v - m*q + 12 = -2*q, -16 = -4*v + 3*q. What are the prime factors of v?
2
Let p(n) = -n + 1 + 0 + 2 + 3*n. What are the prime factors of p(6)?
3, 5
Suppose 5*x = 3*r - 46, -8 = r + 3*x - 0*x. Let h = r - 8. Let k = 8 + h. List the prime factors of k.
7
Suppose -4*b - 3 + 703 = 0. What are the prime factors of b?
5, 7
Let z be 2/2 + -2 - 0. What are the prime factors of (-3)/6*10*z?
5
Suppose 0*u - 12 = -3*u, -2*b - 4*u + 10 = 0. Let a be b + (-16)/(-2) - 3. List the prime factors of (-20 + -2)*(-1)/a.
11
Suppose 2*g + 5*o - 19 = 0, g = 3*o - o + 5. Let c(h) = h**3 - 6*h**2 - 5*h - 9. What are the prime factors of c(g)?
5
Let u be (-73)/3 + (-6)/9. Let y = -18 - u. List the prime factors of y.
7
Suppose 4*v - 4*b = 428, b + 1 = 2*b. What are the prime factors of v?
2, 3
Let z = 15 - 10. What are the prime factors of (-2 - -3) + (z - -1)?
7
Suppose 4*w = 5*y - 1578, -3*w - 940 = -3*y - 4*w. List the prime factors of y.
2, 157
Let x(b) = -b**2 + b + 6. Let m be x(0). Suppose -v + m*v - 65 = 0. List the prime factors of v.
13
Let y(x) = -x**3 + 13*x**2 - 12*x + 10. Suppose 0*h - h + 12 = 0. List the prime factors of y(h).
2, 5
Let x(j) be the third derivative of 7*j**5/60 - j**3/3 - j**2. What are the prime factors of x(2)?
2, 13
Let a(m) = -m - 1. Let r be 3 - 0 - 24/3. Let x be a(r). Suppose -2*j = -3*d - j + 29, -x*d + 34 = j. List the prime factors of d.
3
Suppose 4*n - 4*h = -91 - 105, 0 = -2*n - 3*h - 93. What are the prime factors of (3 + 1)/((-8)/n)?
2, 3
List the prime factors of 328/12 + (-8)/(-12).
2, 7
Suppose -b + 3*u = u - 70, -b = -5*u - 67. What are the prime factors of b?
2, 3
Let r(h) = 3*h + 2. What are the prime factors of r(11)?
5, 7
Let j(b) = -3*b**3 - 4*b - 4 - 3*b**2 + b + 2*b**3 + b**2. Let w be -6*1/4*2. List the prime factors of j(w).
2, 7
Let l be (-31)/3 + (-3)/(-9). Suppose 5*w - 4*t = -16, w + 5*t - 6 = 14. Let u = w - l. What are the prime factors of u?
2, 5
Let h = -66 + 92. List the prime factors of h.
2, 13
Let t = -2 - -5. Suppose i = -t*k + 7, 0 = 2*i - i - 4*k. Suppose 4*p = -4*o + 96, -2*o - 37 = -5*o + i*p. What are the prime factors of o?
19
Suppose 3*l + 66 = 3*j + 792, 0 = 2*l + 5*j - 505. List the prime factors of l.
5, 7
Suppose 3*v + m = 2*v + 239, 5*v + 4*m = 1195. List the prime factors of v.
239
Let u(k) = k**3 - 9*k**2 + 9*k + 6. Let s be u(8). Let z be (s/(-21))/(2/(-66)). List the prime factors of z*3/6 + 0.
11
Suppose 406 = 4*u - 30. List the prime factors of u.
109
Suppose -9 - 102 = -3*r. List the prime factors of r.
37
Let j(g) = -3*g. Let d = -7 + 6. Let o be j(d). Suppose o*k - 65 = -2*k. List the prime factors of k.
13
Suppose -3*a = 2*a - 365. Suppo